ommon factor of 1775 and 213.
71
What is the greatest common divisor of 426 and 5751?
213
What is the highest common factor of 1431 and 159?
159
Calculate the greatest common divisor of 2530 and 44.
22
What is the highest common factor of 35 and 1505?
35
What is the highest common divisor of 54 and 216?
54
Calculate the highest common divisor of 130 and 9204.
26
Calculate the greatest common factor of 32 and 1968.
16
Calculate the highest common divisor of 1640 and 40.
40
Calculate the greatest common factor of 156 and 26988.
156
Calculate the greatest common divisor of 1859 and 13.
13
What is the greatest common factor of 12 and 3372?
12
Calculate the greatest common factor of 54 and 3.
3
Calculate the greatest common factor of 10320 and 96.
48
Calculate the highest common factor of 408 and 374.
34
What is the highest common factor of 580 and 2755?
145
What is the greatest common factor of 117 and 52?
13
What is the highest common factor of 604 and 4?
4
What is the greatest common factor of 8716 and 4?
4
Calculate the greatest common divisor of 11 and 99.
11
What is the greatest common factor of 2096 and 32?
16
What is the greatest common divisor of 27 and 21537?
9
Calculate the highest common divisor of 106 and 1219.
53
Calculate the greatest common divisor of 4 and 2352.
4
Calculate the highest common factor of 105 and 385.
35
What is the greatest common divisor of 372 and 12?
12
What is the highest common divisor of 4 and 6852?
4
What is the greatest common factor of 664 and 8?
8
Calculate the greatest common factor of 21 and 1379.
7
What is the highest common divisor of 7176 and 26?
26
What is the greatest common factor of 161 and 7?
7
What is the highest common factor of 90 and 54?
18
What is the highest common divisor of 120 and 9480?
120
Calculate the highest common factor of 975 and 7215.
195
What is the highest common divisor of 364 and 65?
13
Calculate the highest common divisor of 1308 and 109.
109
What is the greatest common divisor of 192 and 948?
12
What is the highest common divisor of 32 and 34240?
32
What is the greatest common factor of 380 and 10925?
95
Calculate the highest common factor of 27807 and 93.
93
What is the highest common factor of 1927 and 615?
41
Calculate the highest common divisor of 65 and 3835.
65
What is the highest common factor of 3 and 2019?
3
What is the greatest common factor of 2940 and 60?
60
Calculate the greatest common divisor of 713 and 31.
31
Calculate the highest common factor of 390 and 546.
78
What is the highest common divisor of 5450 and 150?
50
Calculate the highest common divisor of 81 and 1593.
27
Calculate the greatest common divisor of 1 and 118.
1
Calculate the greatest common factor of 3130 and 10.
10
What is the highest common divisor of 45 and 63?
9
What is the greatest common factor of 483 and 21?
21
Calculate the highest common factor of 1 and 3151.
1
What is the greatest common factor of 1242 and 46?
46
What is the greatest common divisor of 87 and 1624?
29
Calculate the greatest common factor of 152 and 342.
38
What is the highest common divisor of 662 and 1?
1
What is the highest common divisor of 404 and 1313?
101
What is the greatest common factor of 8979 and 41?
41
Calculate the highest common divisor of 854 and 7.
7
Calculate the highest common divisor of 154 and 726.
22
What is the highest common factor of 119 and 51?
17
Calculate the greatest common factor of 86 and 1978.
86
Calculate the greatest common divisor of 26 and 299.
13
What is the highest common divisor of 82 and 697?
41
Calculate the highest common divisor of 795 and 15.
15
What is the greatest common divisor of 54 and 432?
54
What is the greatest common factor of 57450 and 30?
30
What is the highest common factor of 3 and 1293?
3
Calculate the highest common divisor of 324 and 180.
36
What is the highest common divisor of 19 and 152?
19
What is the greatest common factor of 1304 and 8?
8
Calculate the greatest common factor of 74 and 1887.
37
What is the greatest common factor of 445 and 89?
89
Calculate the highest common factor of 226 and 1.
1
Calculate the greatest common divisor of 434 and 7688.
62
Calculate the highest common factor of 1479 and 51.
51
What is the highest common factor of 208 and 48?
16
Calculate the highest common factor of 33 and 2915.
11
What is the highest common factor of 210 and 231?
21
What is the highest common divisor of 390 and 325?
65
Calculate the highest common factor of 252 and 306.
18
Calculate the greatest common divisor of 84 and 30597.
21
Calculate the highest common factor of 32 and 4.
4
What is the greatest common divisor of 258 and 645?
129
Calculate the highest common divisor of 42 and 126.
42
Calculate the highest common divisor of 414 and 18.
18
Calculate the highest common divisor of 876 and 84.
12
What is the highest common divisor of 2 and 2?
2
Calculate the greatest common divisor of 32 and 40.
8
What is the greatest common factor of 48 and 1128?
24
Calculate the greatest common divisor of 1552 and 16.
16
Calculate the greatest common factor of 775 and 124.
31
What is the highest common divisor of 114 and 42?
6
What is the highest common factor of 2318 and 244?
122
What is the highest common divisor of 11 and 77649?
11
What is the highest common factor of 18350 and 50?
50
What is the highest common factor of 181 and 9593?
181
What is the greatest common factor of 45 and 5985?
45
Calculate the highest common factor of 561 and 33.
33
What is the highest common divisor of 2193 and 153?
51
Calculate the highest common divisor of 480 and 180.
60
Calculate the greatest common factor of 308 and 112.
28
Calculate the greatest common divisor of 63 and 9576.
63
What is the highest common divisor of 12 and 12312?
12
Calculate the greatest common factor of 230 and 322.
46
What is the highest common divisor of 1081 and 94?
47
What is the highest common divisor of 6 and 516?
6
What is the highest common divisor of 5 and 1945?
5
Calculate the highest common factor of 84 and 60.
12
What is the greatest common factor of 58 and 87?
29
What is the highest common divisor of 7 and 1561?
7
Calculate the highest common factor of 3350 and 201.
67
What is the highest common factor of 4823 and 637?
91
Calculate the highest common divisor of 297 and 385.
11
Calculate the greatest common divisor of 4836 and 975.
39
What is the highest common factor of 312 and 696?
24
Calculate the greatest common factor of 195 and 65.
65
What is the greatest common factor of 132 and 18?
6
Calculate the highest common factor of 12 and 1452.
12
What is the greatest common divisor of 76 and 646?
38
Calculate the greatest common factor of 1430 and 195.
65
What is the greatest common divisor of 25 and 15825?
25
What is the greatest common divisor of 7 and 89?
1
What is the highest common factor of 576 and 336?
48
Calculate the greatest common divisor of 777 and 333.
111
What is the highest common divisor of 736 and 276?
92
What is the greatest common divisor of 2685 and 30?
15
Calculate the greatest common factor of 41 and 369.
41
Calculate the highest common divisor of 20 and 130.
10
Calculate the greatest common divisor of 258 and 30.
6
What is the highest common factor of 534 and 3026?
178
Calculate the greatest common factor of 65 and 169.
13
What is the greatest common divisor of 26 and 19864?
26
Calculate the highest common divisor of 18 and 1458.
18
What is the highest common factor of 18 and 279?
9
What is the greatest common factor of 495 and 1881?
99
What is the highest common divisor of 165 and 15?
15
What is the highest common divisor of 4237 and 3568?
223
Calculate the greatest common factor of 1750 and 84.
14
What is the highest common divisor of 24 and 588?
12
Calculate the highest common divisor of 4 and 2764.
4
What is the highest common factor of 188 and 7802?
94
Calculate the highest common factor of 147 and 3724.
49
Calculate the highest common divisor of 784 and 16.
16
Calculate the highest common factor of 561 and 33.
33
What is the highest common factor of 48 and 114?
6
What is the greatest common divisor of 16 and 36?
4
Calculate the highest common factor of 30 and 21.
3
What is the greatest common divisor of 584 and 365?
73
Calculate the highest common divisor of 316 and 7426.